{"id":58,"date":"2026-03-17T20:29:31","date_gmt":"2026-03-17T20:29:31","guid":{"rendered":"https:\/\/dshs-herzsportgruppe.de\/?page_id=58"},"modified":"2026-04-27T15:42:50","modified_gmt":"2026-04-27T15:42:50","slug":"trainingsgruppen","status":"publish","type":"page","link":"https:\/\/dshs-herzsportgruppe.de\/?page_id=58","title":{"rendered":"DSHS-HERZGRUPPEN e.V. Reha-Herzsport an der Sporthochschule K\u00f6ln"},"content":{"rendered":"\n<p><strong>Trainingsgruppen<\/strong><\/p>\n\n\n\n<p><strong>Hallentrainingsgruppen<\/strong><\/p>\n\n\n\n<p>(Sport- und Bewegungstraining)<br>6 Gruppen in unterschiedlichen Hallen der Sporthochschule (Spoho)<br>Gruppengr\u00f6\u00dfe max. 20 Teilnehmer<br>Probetraining in Absprache m\u00f6glich!<\/p>\n\n\n\n<p><\/p>\n\n\n\n<p><\/p>\n\n\n\n<p><\/p>\n\n\n\n<h4 class=\"wp-block-heading\"><strong>Ergometer-Training<\/strong><\/h4>\n\n\n\n<h5 class=\"wp-block-heading\"><br>(Fahrradergometer &#8211; und Krafttraining)<br>18 Gruppen im Ergo-Raum der Sporthochschule&nbsp;<\/h5>\n\n\n\n<h5 class=\"wp-block-heading\">(NaviMed, Eingang B, 1. OG, Raum 122)<\/h5>\n\n\n\n<p>Gruppengr\u00f6\u00dfe max. 12 Teilnehmer<\/p>\n\n\n\n<p>Probetraining in Absprache m\u00f6glich!<\/p>\n\n\n\n<p><\/p>\n\n\n\n<p>Link &#8211;&gt; <a href=\"https:\/\/dshs-herzsportgruppe.de\/wp-content\/uploads\/2026\/03\/SPOHO-Anfahrt.pdf\" data-type=\"attachment\" data-id=\"34\">Anfahrt Spoho<\/a><\/p>\n\n\n\n<p>Link &#8211;&gt; <a href=\"https:\/\/dshs-herzsportgruppe.de\/wp-content\/uploads\/2026\/03\/Campusplan_DSHS.pdf\" data-type=\"attachment\" data-id=\"31\">Campusplan<\/a><\/p>\n","protected":false},"excerpt":{"rendered":"<p>Trainingsgruppen Hallentrainingsgruppen (Sport- und Bewegungstraining)6 Gruppen in unterschiedlichen Hallen der Sporthochschule (Spoho)Gruppengr\u00f6\u00dfe max. 20 TeilnehmerProbetraining in Absprache m\u00f6glich! Ergometer-Training (Fahrradergometer &#8211; und Krafttraining)18 Gruppen im Ergo-Raum der Sporthochschule&nbsp; (NaviMed, Eingang B, 1. OG, Raum 122) Gruppengr\u00f6\u00dfe max. 12 Teilnehmer Probetraining in Absprache m\u00f6glich! Link &#8211;&gt; Anfahrt Spoho Link &#8211;&gt; Campusplan<\/p>\n","protected":false},"author":3,"featured_media":0,"parent":0,"menu_order":2,"comment_status":"closed","ping_status":"closed","template":"","meta":{"om_disable_all_campaigns":false,"_monsterinsights_skip_tracking":false,"_monsterinsights_sitenote_active":false,"_monsterinsights_sitenote_note":"","_monsterinsights_sitenote_category":0,"_inspiro_hide_title":false,"footnotes":""},"class_list":["post-58","page","type-page","status-publish","hentry"],"aioseo_notices":[],"_links":{"self":[{"href":"https:\/\/dshs-herzsportgruppe.de\/index.php?rest_route=\/wp\/v2\/pages\/58","targetHints":{"allow":["GET"]}}],"collection":[{"href":"https:\/\/dshs-herzsportgruppe.de\/index.php?rest_route=\/wp\/v2\/pages"}],"about":[{"href":"https:\/\/dshs-herzsportgruppe.de\/index.php?rest_route=\/wp\/v2\/types\/page"}],"author":[{"embeddable":true,"href":"https:\/\/dshs-herzsportgruppe.de\/index.php?rest_route=\/wp\/v2\/users\/3"}],"replies":[{"embeddable":true,"href":"https:\/\/dshs-herzsportgruppe.de\/index.php?rest_route=%2Fwp%2Fv2%2Fcomments&post=58"}],"version-history":[{"count":6,"href":"https:\/\/dshs-herzsportgruppe.de\/index.php?rest_route=\/wp\/v2\/pages\/58\/revisions"}],"predecessor-version":[{"id":191,"href":"https:\/\/dshs-herzsportgruppe.de\/index.php?rest_route=\/wp\/v2\/pages\/58\/revisions\/191"}],"wp:attachment":[{"href":"https:\/\/dshs-herzsportgruppe.de\/index.php?rest_route=%2Fwp%2Fv2%2Fmedia&parent=58"}],"curies":[{"name":"wp","href":"https:\/\/api.w.org\/{rel}","templated":true}]}}