{"id":159,"date":"2026-04-18T18:02:11","date_gmt":"2026-04-18T18:02:11","guid":{"rendered":"https:\/\/dshs-herzsportgruppe.de\/?page_id=159"},"modified":"2026-04-27T15:40:55","modified_gmt":"2026-04-27T15:40:55","slug":"dshs-herzgruppen-e-v-reha-herzsport-an-der-sporthochschule-koeln","status":"publish","type":"page","link":"https:\/\/dshs-herzsportgruppe.de\/","title":{"rendered":"DSHS-HERZGRUPPEN e.V. Reha-Herzsport an der Sporthochschule K\u00f6ln"},"content":{"rendered":"\n<div class=\"wp-block-group is-nowrap is-layout-flex wp-container-core-group-is-layout-6c531013 wp-block-group-is-layout-flex\">\n<figure class=\"wp-block-image size-full\"><img loading=\"lazy\" decoding=\"async\" width=\"204\" height=\"198\" src=\"https:\/\/dshs-herzsportgruppe.de\/wp-content\/uploads\/2026\/03\/Logo_HSG-2.png\" alt=\"\" class=\"wp-image-112\"\/><\/figure>\n\n\n\n<p class=\"has-text-color has-link-color has-large-font-size wp-elements-e3138d9c262c92b73aa0e0695930a5c0\" style=\"color:#160a46\"><strong><strong>Herzsportgruppe gesucht?<\/strong><\/strong><br><strong>Tu was, melde Dich an! <\/strong><\/p>\n<\/div>\n\n\n\n<p class=\"has-text-color has-link-color wp-elements-8cec7599ed0e2e67da7a1c427c9c8875\" style=\"color:#160a46\">Das Training an der DSHS (Deutsche Sporthochschule &#8211; SpoHo) innerhalb einer Reha-Herzsportgruppe richtet sich an Teilnehmer\/innen mit oder nach einer Herzerkrankung&nbsp;(z.B. Herzinfarkt, Bluthochdruck, Gef\u00e4\u00dferkrankungen, Herz- und Herzklappeninsuffizienz etc.).<\/p>\n\n\n\n<p class=\"has-text-color has-link-color wp-elements-f02fd7e15ee039dd1f889ed9e016b760\" style=\"color:#160a46\">\u200b\u200bVor Trainingsbeginn wird Ihr Kardiologe oder Hausarzt mit Ihnen einen Belastungstest-Check durchf\u00fchren, der Ihnen die individuellen&nbsp;Herzfrequenzbereiche&nbsp;und die Herzsporttrainingsart&nbsp;empfiehlt.&nbsp;<\/p>\n\n\n\n<p class=\"has-text-color has-link-color wp-elements-8d3d0c32fac408187d649fe02d60c5b6\" style=\"color:#160a46\">\u200bIn verschiedenen Trainingsgruppen (Hallentraining, Ergometer- mit Krafttraining s.u.) lernen unsere Teilnehmer\/innen unter st\u00e4ndiger \u00e4rztlicher und sportwissenschaftlicher Betreuung durch eine Kombination aus Gymnastik, Ausdauertraining und Kr\u00e4ftigungs\u00fcbungen, sich optimal und individuell zu belasten.&nbsp;\u200b\u200b<\/p>\n\n\n\n<p class=\"has-text-color has-link-color wp-elements-eb698bd7fa53e79aae026429864f79c7\" style=\"color:#160a46\">Dies f\u00fchrt dazu, die Lebensqualit\u00e4t und das Selbstvertrauen wieder zu st\u00e4rken. So erhalten die Teilnehmer\/innen Hilfe zur Selbsthilfe, die nicht nur als ambulante Reha-Ma\u00dfnahme gedacht ist.<\/p>\n\n\n\n<p class=\"has-text-color has-link-color wp-elements-898e739887d51104343c2b670e4dd589\" style=\"color:#160a46\">Etwa ein Drittel der Teilnehmer bleibt lt. Umfragen nach Ablauf der&nbsp;Verordnung aktiv in der Gruppe, und dies \u00fcber Jahre oder sogar Jahrzehnte, also weit \u00fcber den urspr\u00fcnglich \u00e4rztlich verordneten Zeitraum hinaus, denn eine Balance aus Ausdauer und mentaler Gesundheit reduzieren das kardiovaskul\u00e4re Risiko.<\/p>\n\n\n\n<p class=\"has-text-color has-link-color wp-elements-e54d1bebd7c5f04bfba3e2ed39e25b53\" style=\"color:#160a46\">Viele unserer \u00dcbungsleiter\/innen haben an der Deutschen Sporthochschule (DSHS) studiert und die Lizenz f\u00fcr den Reha-Herzsport erworben (Lizenz B).&nbsp;<\/p>\n\n\n\n<p><\/p>\n\n\n\n<p class=\"has-text-color has-link-color wp-elements-805402e5ddee09cba9d3ec3ff79c74e2\" style=\"color:#160a46\"><strong><span style=\"text-decoration: underline;\">1) Anmeldung mit Verordnung:<\/span><\/strong><\/p>\n\n\n\n<ul class=\"wp-block-list\">\n<li class=\"has-text-color has-link-color wp-elements-81aa50ca76683a9f5c920622ba6316f1\" style=\"color:#160a46\"><a href=\"https:\/\/dshs-herzsportgruppe.de\/wp-content\/uploads\/2026\/03\/Herzsportgruppe_Aufnahmeantrag_17.03.26.pdf\" data-type=\"attachment\" data-id=\"37\">Anmeldung<\/a><a>&nbsp;<\/a>mit einer Verordnung des behandelnden Arztes(z.B. Kardiologe\/ Hausarzt), der die medizinische Indikation&nbsp;zum Herz-Kreislauf-Training stellt.&nbsp;<\/li>\n\n\n\n<li class=\"has-text-color has-link-color wp-elements-5566f5bf21b9e2d7f451d7261c74abda\" style=\"color:#160a46\">Die Verordnung muss von der Krankenkasse genehmigt&nbsp;sein.&nbsp;<\/li>\n<\/ul>\n\n\n\n<p>\u200b\u200b<\/p>\n\n\n\n<p class=\"has-text-color has-link-color wp-elements-ddfa6561fca1493a219487127c1ee944\" style=\"color:#160a46\"><strong><span style=\"text-decoration: underline;\">2) Anmeldung ohne Verordnung:<\/span><\/strong><\/p>\n\n\n\n<ul class=\"wp-block-list\">\n<li class=\"has-text-color has-link-color wp-elements-b1fd41709bc42b4a1e7ede6d7535412d\" style=\"color:#160a46\">als Selbstzahler\/in (Privatpatient oder mit Zusatzversicherung)<\/li>\n\n\n\n<li class=\"has-text-color has-link-color wp-elements-1cfd6fd9f7d8ec3855f4ecc49bac5137\" style=\"color:#160a46\"><a href=\"https:\/\/dshs-herzsportgruppe.de\/wp-content\/uploads\/2026\/03\/Herzsportgruppe_Aufnahmeantrag_17.03.26.pdf\" data-type=\"attachment\" data-id=\"37\">Mitglied werden<\/a><\/li>\n<\/ul>\n\n\n\n<p>\u200b<\/p>\n\n\n\n<p class=\"has-text-color has-link-color wp-elements-86fc02760bf3f3f5a882b2d8637b1667\" style=\"color:#160a46\"><strong><span style=\"text-decoration: underline;\">Eine Mitgliedschaft im Verein der DSHS-Herzgruppen e.V. wird&nbsp;empfohlen:&nbsp;<\/span><\/strong><\/p>\n\n\n\n<ul class=\"wp-block-list\">\n<li class=\"has-text-color has-link-color wp-elements-daaafc19d4c0176ea400a9c81bda4484\" style=\"color:#160a46\">Link&nbsp;<a>Aufnahmeantrag in<\/a><a href=\"https:\/\/dshs-herzsportgruppe.de\/wp-content\/uploads\/2026\/03\/Herzsportgruppe_Aufnahmeantrag_17.03.26.pdf\">kl. Geb\u00fchren<\/a><\/li>\n\n\n\n<li class=\"has-text-color has-link-color wp-elements-c3b7c8f370c01107837bc277830032d2\" style=\"color:#160a46\">Link&nbsp;<a href=\"https:\/\/dshs-herzsportgruppe.de\/wp-admin\/post.php?post=40&amp;action=edit\">Kontakt<\/a><\/li>\n<\/ul>\n\n\n\n<p>\u200b<\/p>\n\n\n\n<p><\/p>\n","protected":false},"excerpt":{"rendered":"<p>Herzsportgruppe gesucht?Tu was, melde Dich an! Das Training an der DSHS (Deutsche Sporthochschule &#8211; SpoHo) innerhalb einer Reha-Herzsportgruppe richtet sich an Teilnehmer\/innen mit oder nach einer Herzerkrankung&nbsp;(z.B. Herzinfarkt, Bluthochdruck, Gef\u00e4\u00dferkrankungen, Herz- und Herzklappeninsuffizienz etc.). \u200b\u200bVor Trainingsbeginn wird Ihr Kardiologe oder Hausarzt mit Ihnen einen Belastungstest-Check durchf\u00fchren, der Ihnen die individuellen&nbsp;Herzfrequenzbereiche&nbsp;und die Herzsporttrainingsart&nbsp;empfiehlt.&nbsp; \u200bIn verschiedenen Trainingsgruppen &hellip; <\/p>\n<p class=\"link-more\"><a href=\"https:\/\/dshs-herzsportgruppe.de\/\" class=\"more-link\">Mehr <span class=\"screen-reader-text\">\u00fcber &#8222;DSHS-HERZGRUPPEN e.V. Reha-Herzsport an der Sporthochschule K\u00f6ln&#8220; <\/span>Lesen<\/a><\/p>\n","protected":false},"author":1,"featured_media":0,"parent":0,"menu_order":0,"comment_status":"closed","ping_status":"closed","template":"","meta":{"om_disable_all_campaigns":false,"_monsterinsights_skip_tracking":false,"_monsterinsights_sitenote_active":false,"_monsterinsights_sitenote_note":"","_monsterinsights_sitenote_category":0,"_inspiro_hide_title":false,"footnotes":""},"class_list":["post-159","page","type-page","status-publish","hentry"],"aioseo_notices":[],"_links":{"self":[{"href":"https:\/\/dshs-herzsportgruppe.de\/index.php?rest_route=\/wp\/v2\/pages\/159","targetHints":{"allow":["GET"]}}],"collection":[{"href":"https:\/\/dshs-herzsportgruppe.de\/index.php?rest_route=\/wp\/v2\/pages"}],"about":[{"href":"https:\/\/dshs-herzsportgruppe.de\/index.php?rest_route=\/wp\/v2\/types\/page"}],"author":[{"embeddable":true,"href":"https:\/\/dshs-herzsportgruppe.de\/index.php?rest_route=\/wp\/v2\/users\/1"}],"replies":[{"embeddable":true,"href":"https:\/\/dshs-herzsportgruppe.de\/index.php?rest_route=%2Fwp%2Fv2%2Fcomments&post=159"}],"version-history":[{"count":1,"href":"https:\/\/dshs-herzsportgruppe.de\/index.php?rest_route=\/wp\/v2\/pages\/159\/revisions"}],"predecessor-version":[{"id":160,"href":"https:\/\/dshs-herzsportgruppe.de\/index.php?rest_route=\/wp\/v2\/pages\/159\/revisions\/160"}],"wp:attachment":[{"href":"https:\/\/dshs-herzsportgruppe.de\/index.php?rest_route=%2Fwp%2Fv2%2Fmedia&parent=159"}],"curies":[{"name":"wp","href":"https:\/\/api.w.org\/{rel}","templated":true}]}}